base 6, what is -1012320412 - 2?
-1012320414
In base 10, what is 2514643 + -17?
2514626
In base 8, what is -1355104 - 32?
-1355136
In base 15, what is -2 - -254b1c?
254b1a
In base 8, what is -252705442 + 17?
-252705423
In base 5, what is 10032401 - 40213?
4442133
In base 15, what is 24a3310 - 2?
24a330d
In base 16, what is -7 + -51547a?
-515481
In base 11, what is -171272 - 97?
-171359
In base 14, what is -12d - -107a8?
10679
In base 13, what is 13b9 + 62a19?
64105
In base 4, what is 2 - 20223000020?
-20223000012
In base 6, what is 3 - -505511234?
505511241
In base 5, what is -304214 + -11214?
-320433
In base 6, what is -301134321 - -4?
-301134313
In base 7, what is -4256545125 + 5?
-4256545120
In base 2, what is 1110 - 1010010000011101011?
-1010010000011011101
In base 2, what is -10010110110010 + -10011100000001?
-100110010110011
In base 12, what is 16a842 - -414?
16b056
In base 14, what is 166644 + -9?
166639
In base 9, what is -52620 - 8148?
-61768
In base 14, what is 9 + 4089353?
408935c
In base 10, what is -1292 - 248?
-1540
In base 11, what is 5168a5 + -11a?
516786
In base 12, what is 459 + -18645?
-181a8
In base 4, what is 11003 + 13311033?
13322102
In base 8, what is -7631307 + -17?
-7631326
In base 4, what is 1 - 131010323?
-131010322
In base 2, what is 11000001010011011100101 - -100?
11000001010011011101001
In base 7, what is 4 - -152260161?
152260165
In base 12, what is -273 - bb96b7?
-bb996a
In base 5, what is -14224143 + 412?
-14223231
In base 14, what is -a75 + -9904?
-a579
In base 15, what is -52b553 - 0?
-52b553
In base 12, what is -2177a5a0 + -4?
-2177a5a4
In base 4, what is -20033202021 + 0?
-20033202021
In base 15, what is -3 - -21412c?
214129
In base 14, what is 2 - -6da3bb?
6da3bd
In base 8, what is 134332 - -11124?
145456
In base 10, what is 337145 + 13?
337158
In base 7, what is 1 - -446243046?
446243050
In base 12, what is -94ba2 + 22?
-94b80
In base 2, what is -111110010011011111011111 - 1011?
-111110010011011111101010
In base 12, what is a - 4aa268?
-4aa25a
In base 14, what is -71 - d9a7?
-da38
In base 14, what is -9037a - -4?
-90376
In base 3, what is 1010 - -1212122202?
1212200212
In base 9, what is -5108243 + 6?
-5108236
In base 9, what is -6 + 212084522?
212084515
In base 14, what is -a97076d - 1?
-a970770
In base 13, what is -4 - -3165c4a?
3165c46
In base 14, what is -452ac1 - a?
-452acb
In base 13, what is 1 - 121124?
-121123
In base 6, what is 200122251 + -14?
200122233
In base 4, what is -313321101213 - 10?
-313321101223
In base 6, what is -232 + 1303324001?
1303323325
In base 8, what is 671 - 10761?
-10070
In base 8, what is 13 - 353117?
-353104
In base 14, what is -16347 + 4bd?
-15c68
In base 12, what is 346 - -45111?
45457
In base 9, what is 44683216 + 1?
44683217
In base 8, what is -52 - 443540?
-443612
In base 7, what is 3521030515 + 3?
3521030521
In base 10, what is -1947 - -310841?
308894
In base 8, what is 6543 + -7112?
-347
In base 8, what is -514 + -20663?
-21377
In base 15, what is -44714 - -19?
-446ea
In base 10, what is 3 + 15650549?
15650552
In base 16, what is 11f4a + 1469?
133b3
In base 5, what is -234200 + -214103?
-1003303
In base 14, what is 12c7 - -183d?
2b26
In base 3, what is 112100220211221 - -22?
112100220212020
In base 4, what is 1133333121102 + -3?
1133333121033
In base 11, what is 0 - -27752793?
27752793
In base 4, what is 10313 - -300223100?
300300013
In base 11, what is -2 + -1304338?
-130433a
In base 10, what is 81631 + 33?
81664
In base 12, what is -4b3a + -1241?
-617b
In base 7, what is -4 - 11050545?
-11050552
In base 2, what is 100111101110010000 + -110010100?
100111100111111100
In base 4, what is -32030023101 + 0?
-32030023101
In base 15, what is -1304 + 281?
-1073
In base 10, what is 2 - 5568980?
-5568978
In base 12, what is -3 + 1426b2?
1426ab
In base 11, what is -36 + 13830?
137a5
In base 12, what is b5 - 17a68a7?
-17a67b2
In base 13, what is -82 - 651c6?
-65278
In base 14, what is -5 - 13438c1?
-13438c6
In base 13, what is 5 - a5513c7?
-a5513c2
In base 7, what is -231361034 - 21?
-231361055
In base 13, what is 76b0870 - 5?
76b0868
In base 7, what is -5000 + 1401605?
1363605
In base 3, what is -222212210110112 - 0?
-222212210110112
In base 8, what is 1061635 + -65?
1061550
In base 6, what is -24452154 + 10?
-24452144
In base 3, what is -100212212021200 - -20?
-100212212021110
In base 2, what is -1111010010011010110 - 10110001101?
-1111010101001100011
In base 13, what is 1cba7 - -4193?
2406a
In base 15, what is -78b393 + -1e?
-78b3b2
In base 5, what is -2323413322 - 130?
-2323414002
In base 3, what is -10011102122 + 1110110?
-10002222012
In base 8, what is -2121 - -140?
-1761
In base 2, what is -100 - -11100101101110110000?
11100101101110101100
In base 14, what is 357d97 + -2?
357d95
In base 8, what is -6072026 - -137?
-6071667
In base 8, what is -522564 + -1531?
-524315
In base 14, what is -d32 + -258d?
-34c1
In base 16, what is -1 + -aefbde?
-aefbdf
In base 13, what is 5b14 - 50a?
5607
In base 11, what is 4682414 - -11?
4682425
In base 5, what is 10033303214 + -10?
10033303204
In base 9, what is 10 + -16373413?
-16373403
In base 11, what is -4969 - -1511?
-3458
In base 13, what is -1c959aa5 - 1?
-1c959aa6
In base 8, what is -434627 + -725?
-435554
In base 10, what is -5 + 61776918?
61776913
In base 13, what is -167c744 - 5?
-167c749
In base 16, what is 35a + -400?
-a6
In base 5, what is 3030241124 + 1?
3030241130
In base 5, what is 220102 - 1324113?
-1104011
In base 13, what is 735 - -170a6?
1780b
In base 9, what is -3483 + -6106?
-10600
In base 11, what is 710a13 - -35?
710a48
In base 6, what is -400354522 + 1?
-400354521
In base 2, what is -11110010001 - 11100000111111010?
-11100100110001011
In base 4, what is 3 + 33110121220?
33110121223
In base 15, what is 5 - -59504b3?
59504b8
In base 14, what is -92 + -103ac1?
-103b73
In base 5, what is -13211 - 13403?
-32114
In base 2, what is -1 + 10100010010110101110101?
10100010010110101110100
In base 7, what is 3665122132 + 3?
3665122135
In base 4, what is -11 - -110110001333?
110110001322
In base 10, what is -2769498 - -191?
-2769307
In base 4, what is 1030103 - 212311?
211132
In base 14, what is -13a2402 + -1?
-13a2403
In base 4, what is -101330 + -20223302?
-20331232
In base 15, what is -1 + 3850d4?
3850d3
In base 9, what is 35 + -274258?
-274223
In base 7, what is -16 + -42636654?
-42640003
In base 4, what is -121020 + 101012213?
100231133
In base 13, what is 3 - 57b939?
-57b936
In base 3, what is -2202112212212 - -11101?
-2202112201111
In base 16, what is 143e - 9442?
-8004
In base 2, what is -1001100101000110 - 100100101?
-1001101001101011
In base 9, what is 464445 - -32?
464477
In base 8, what is 14 - 202575?
-202561
In base 15, what is 326419 + -49?
3263c0
In base 16, what is 1 - -18483e?
18483f
In base 3, what is -212120220202 - 1001?
-212120221210
In base 11, what is -5 - -a91499?
a91494
In base 16, what is -2b0 + -592a1?
-59551
In base 7, what is -5 + -103440351?
-103440356
In base 4, what is -1212021 + 1323?
-1210032
In base 14, what is 31db + -5c4?
2a17
In base 3, what is -101 - -100211001002221?
100211001002120
In base 13, what is -115 + -38145?
-3825a
In base 16, what is 29c21c + 5a?
29c276
In base 15, what is -c936 + -521?
-ce57
In base 3, what is -21 - -1012202021212002?
1012202021211211
In base 7, what is -1 + 35404154?
35404153
In base 2, what is 101 + -111001000100101101110100?
-111001000100101101101111
In base 7, what is -102351334 - -25?
-102351306
In base 11, what is 325 - -28860?
29085
In base 3, what is 0 + -20112112111021202?
-20112112111021202
In base 6, what is -1423035444 - 0?
-1423035444
In base 9, what is 208434 + 113?
208547
In base 15, what is -b64c70 + 3?
-b64c6c
In base 8, what is -4 + 162263636?
162263632
In base 9, what is -22352 - -12?
-22340
In base 15, what is -3e - -bcdb?
bc9c
In base 11, what is 9063503 + -1?
9063502
In base 10, what is -1010 + -2392?
-3402
In base 16, what is -dc0 + 18db?
b1b
In base 16, what is 2f677 + 4b?
2f6c2
In base 7, what is -5 - -24116164?
24116156
In base 3, what is 1122000012 + -21101112?
1100121200
In base 5, what is 412 - 11110332?
-11104420
In base 12, what is 11148a + -4?
111486
In base 3, what is 1002 + -11210211021?
-11210210012
In base 14, what is